{"id":148,"date":"2017-05-31T00:14:48","date_gmt":"2017-05-30T22:14:48","guid":{"rendered":"http:\/\/paulinechovet.fr\/?page_id=148"},"modified":"2026-03-14T16:24:41","modified_gmt":"2026-03-14T15:24:41","slug":"architecture-exterieur","status":"publish","type":"page","link":"https:\/\/paulinechovet.fr\/?page_id=148","title":{"rendered":"Ext\u00e9rieurs \/ Int\u00e9rieurs"},"content":{"rendered":"<div id=\"kad-wp-gallery18\" class=\"kad-wp-gallery kad-light-wp-gallery clearfix kt-gallery-column-3 rowtight\"><div class=\"tcol-lg-4 tcol-md-4 tcol-sm-4 tcol-xs-6 tcol-ss-12 g_item\"><div class=\"grid_item kad_gallery_fade_in gallery_item\"><a href=\"https:\/\/paulinechovet.fr\/wp-content\/uploads\/2018\/05\/IMG_1193copie.jpg\" data-rel=\"lightbox\" class=\"lightboxhover\"><img loading=\"lazy\" decoding=\"async\" src=\"https:\/\/paulinechovet.fr\/wp-content\/uploads\/2018\/05\/IMG_1193copie-400x400.jpg\" width=\"400\" height=\"400\" alt=\"Groupe scolaire Andr\u00e9 Malraux, Montpellier. Architecte : Dominique Coulon &amp; associ\u00e9s\" srcset=\"https:\/\/paulinechovet.fr\/wp-content\/uploads\/2018\/05\/IMG_1193copie-400x400.jpg 400w, https:\/\/paulinechovet.fr\/wp-content\/uploads\/2018\/05\/IMG_1193copie-150x150.jpg 150w, https:\/\/paulinechovet.fr\/wp-content\/uploads\/2018\/05\/IMG_1193copie-800x800.jpg 800w\" sizes=\"auto, (max-width: 400px) 100vw, 400px\" class=\"light-dropshaddow\"\/><\/a><\/div><\/div><div class=\"tcol-lg-4 tcol-md-4 tcol-sm-4 tcol-xs-6 tcol-ss-12 g_item\"><div class=\"grid_item kad_gallery_fade_in gallery_item\"><a href=\"https:\/\/paulinechovet.fr\/wp-content\/uploads\/2017\/08\/IMG_9225copie.jpg\" data-rel=\"lightbox\" class=\"lightboxhover\"><img loading=\"lazy\" decoding=\"async\" src=\"https:\/\/paulinechovet.fr\/wp-content\/uploads\/2017\/08\/IMG_9225copie-400x400.jpg\" width=\"400\" height=\"400\" alt=\"Cabinet d&#039;orthodontie. Architecte Sophie Saunier.\nAutun\" srcset=\"https:\/\/paulinechovet.fr\/wp-content\/uploads\/2017\/08\/IMG_9225copie-400x400.jpg 400w, https:\/\/paulinechovet.fr\/wp-content\/uploads\/2017\/08\/IMG_9225copie-150x150.jpg 150w, https:\/\/paulinechovet.fr\/wp-content\/uploads\/2017\/08\/IMG_9225copie-800x800.jpg 800w\" sizes=\"auto, (max-width: 400px) 100vw, 400px\" class=\"light-dropshaddow\"\/><\/a><\/div><\/div><div class=\"tcol-lg-4 tcol-md-4 tcol-sm-4 tcol-xs-6 tcol-ss-12 g_item\"><div class=\"grid_item kad_gallery_fade_in gallery_item\"><a href=\"https:\/\/paulinechovet.fr\/wp-content\/uploads\/2018\/02\/rec.jpg\" data-rel=\"lightbox\" class=\"lightboxhover\"><img loading=\"lazy\" decoding=\"async\" src=\"https:\/\/paulinechovet.fr\/wp-content\/uploads\/2018\/02\/rec-400x400.jpg\" width=\"400\" height=\"400\" alt=\"La cit\u00e9 des affaires, St Etienne. Architecte : Manuelle Gautrand\" srcset=\"https:\/\/paulinechovet.fr\/wp-content\/uploads\/2018\/02\/rec-400x400.jpg 400w, https:\/\/paulinechovet.fr\/wp-content\/uploads\/2018\/02\/rec-150x150.jpg 150w, https:\/\/paulinechovet.fr\/wp-content\/uploads\/2018\/02\/rec-800x800.jpg 800w\" sizes=\"auto, (max-width: 400px) 100vw, 400px\" class=\"light-dropshaddow\"\/><\/a><\/div><\/div><div class=\"tcol-lg-4 tcol-md-4 tcol-sm-4 tcol-xs-6 tcol-ss-12 g_item\"><div class=\"grid_item kad_gallery_fade_in gallery_item\"><a href=\"https:\/\/paulinechovet.fr\/wp-content\/uploads\/2017\/08\/IMG_9209copie.jpg\" data-rel=\"lightbox\" class=\"lightboxhover\"><img loading=\"lazy\" decoding=\"async\" src=\"https:\/\/paulinechovet.fr\/wp-content\/uploads\/2017\/08\/IMG_9209copie-400x400.jpg\" width=\"400\" height=\"400\" alt=\"Cabinet d&#039;orthodontie. Architecte Sophie Saunier.\nAutun\" srcset=\"https:\/\/paulinechovet.fr\/wp-content\/uploads\/2017\/08\/IMG_9209copie-400x400.jpg 400w, https:\/\/paulinechovet.fr\/wp-content\/uploads\/2017\/08\/IMG_9209copie-150x150.jpg 150w, https:\/\/paulinechovet.fr\/wp-content\/uploads\/2017\/08\/IMG_9209copie-800x800.jpg 800w\" sizes=\"auto, (max-width: 400px) 100vw, 400px\" class=\"light-dropshaddow\"\/><\/a><\/div><\/div><div class=\"tcol-lg-4 tcol-md-4 tcol-sm-4 tcol-xs-6 tcol-ss-12 g_item\"><div class=\"grid_item kad_gallery_fade_in gallery_item\"><a href=\"https:\/\/paulinechovet.fr\/wp-content\/uploads\/2019\/02\/Capture-d\u2019\u00e9cran-2019-02-24-\u00e0-20.18.14.png\" data-rel=\"lightbox\" class=\"lightboxhover\"><img loading=\"lazy\" decoding=\"async\" src=\"https:\/\/paulinechovet.fr\/wp-content\/uploads\/2019\/02\/Capture-d\u2019\u00e9cran-2019-02-24-\u00e0-20.18.14-400x400.png\" width=\"400\" height=\"400\" alt=\"APR\u00c8S\" srcset=\"https:\/\/paulinechovet.fr\/wp-content\/uploads\/2019\/02\/Capture-d\u2019\u00e9cran-2019-02-24-\u00e0-20.18.14-400x400.png 400w, https:\/\/paulinechovet.fr\/wp-content\/uploads\/2019\/02\/Capture-d\u2019\u00e9cran-2019-02-24-\u00e0-20.18.14-150x150.png 150w, https:\/\/paulinechovet.fr\/wp-content\/uploads\/2019\/02\/Capture-d\u2019\u00e9cran-2019-02-24-\u00e0-20.18.14-1200x1200.png 1200w, https:\/\/paulinechovet.fr\/wp-content\/uploads\/2019\/02\/Capture-d\u2019\u00e9cran-2019-02-24-\u00e0-20.18.14-600x600.png 600w, https:\/\/paulinechovet.fr\/wp-content\/uploads\/2019\/02\/Capture-d\u2019\u00e9cran-2019-02-24-\u00e0-20.18.14-800x800.png 800w\" sizes=\"auto, (max-width: 400px) 100vw, 400px\" class=\"light-dropshaddow\"\/><\/a><\/div><\/div><div class=\"tcol-lg-4 tcol-md-4 tcol-sm-4 tcol-xs-6 tcol-ss-12 g_item\"><div class=\"grid_item kad_gallery_fade_in gallery_item\"><a href=\"https:\/\/paulinechovet.fr\/wp-content\/uploads\/2018\/07\/IMG_2193copiecopie.jpg\" data-rel=\"lightbox\" class=\"lightboxhover\"><img loading=\"lazy\" decoding=\"async\" src=\"https:\/\/paulinechovet.fr\/wp-content\/uploads\/2018\/07\/IMG_2193copiecopie-400x400.jpg\" width=\"400\" height=\"400\" alt=\"\" srcset=\"https:\/\/paulinechovet.fr\/wp-content\/uploads\/2018\/07\/IMG_2193copiecopie-400x400.jpg 400w, https:\/\/paulinechovet.fr\/wp-content\/uploads\/2018\/07\/IMG_2193copiecopie-150x150.jpg 150w, https:\/\/paulinechovet.fr\/wp-content\/uploads\/2018\/07\/IMG_2193copiecopie-800x800.jpg 800w\" sizes=\"auto, (max-width: 400px) 100vw, 400px\" class=\"light-dropshaddow\"\/><\/a><\/div><\/div><div class=\"tcol-lg-4 tcol-md-4 tcol-sm-4 tcol-xs-6 tcol-ss-12 g_item\"><div class=\"grid_item kad_gallery_fade_in gallery_item\"><a href=\"https:\/\/paulinechovet.fr\/wp-content\/uploads\/2017\/05\/IMG_1507copie1.jpg\" data-rel=\"lightbox\" class=\"lightboxhover\"><img loading=\"lazy\" decoding=\"async\" src=\"https:\/\/paulinechovet.fr\/wp-content\/uploads\/2017\/05\/IMG_1507copie1-400x400.jpg\" width=\"400\" height=\"400\" alt=\"Ancien b\u00e2timent des Douanes, Lyon. Architecte : Jean-Michel Wilmotte et \u0153uvre de l\u2019artiste Krijn de K\u00f6ning\" srcset=\"https:\/\/paulinechovet.fr\/wp-content\/uploads\/2017\/05\/IMG_1507copie1-400x400.jpg 400w, https:\/\/paulinechovet.fr\/wp-content\/uploads\/2017\/05\/IMG_1507copie1-150x150.jpg 150w, https:\/\/paulinechovet.fr\/wp-content\/uploads\/2017\/05\/IMG_1507copie1-800x800.jpg 800w\" sizes=\"auto, (max-width: 400px) 100vw, 400px\" class=\"light-dropshaddow\"\/><\/a><\/div><\/div><div class=\"tcol-lg-4 tcol-md-4 tcol-sm-4 tcol-xs-6 tcol-ss-12 g_item\"><div class=\"grid_item kad_gallery_fade_in gallery_item\"><a href=\"https:\/\/paulinechovet.fr\/wp-content\/uploads\/2018\/05\/IMG_0740copie.jpg\" data-rel=\"lightbox\" class=\"lightboxhover\"><img loading=\"lazy\" decoding=\"async\" src=\"https:\/\/paulinechovet.fr\/wp-content\/uploads\/2018\/05\/IMG_0740copie-400x400.jpg\" width=\"400\" height=\"400\" alt=\"\" srcset=\"https:\/\/paulinechovet.fr\/wp-content\/uploads\/2018\/05\/IMG_0740copie-400x400.jpg 400w, https:\/\/paulinechovet.fr\/wp-content\/uploads\/2018\/05\/IMG_0740copie-150x150.jpg 150w, https:\/\/paulinechovet.fr\/wp-content\/uploads\/2018\/05\/IMG_0740copie-800x800.jpg 800w\" sizes=\"auto, (max-width: 400px) 100vw, 400px\" class=\"light-dropshaddow\"\/><\/a><\/div><\/div><div class=\"tcol-lg-4 tcol-md-4 tcol-sm-4 tcol-xs-6 tcol-ss-12 g_item\"><div class=\"grid_item kad_gallery_fade_in gallery_item\"><a href=\"https:\/\/paulinechovet.fr\/wp-content\/uploads\/2018\/02\/IMG_0243copie1-copiesans-banc.jpg\" data-rel=\"lightbox\" class=\"lightboxhover\"><img loading=\"lazy\" decoding=\"async\" src=\"https:\/\/paulinechovet.fr\/wp-content\/uploads\/2018\/02\/IMG_0243copie1-copiesans-banc-400x400.jpg\" width=\"400\" height=\"400\" alt=\"Gare TGV Saint-Exup\u00e9ry, Lyon. Architecte : Santiago Calatrava\" srcset=\"https:\/\/paulinechovet.fr\/wp-content\/uploads\/2018\/02\/IMG_0243copie1-copiesans-banc-400x400.jpg 400w, https:\/\/paulinechovet.fr\/wp-content\/uploads\/2018\/02\/IMG_0243copie1-copiesans-banc-150x150.jpg 150w, https:\/\/paulinechovet.fr\/wp-content\/uploads\/2018\/02\/IMG_0243copie1-copiesans-banc-800x800.jpg 800w\" sizes=\"auto, (max-width: 400px) 100vw, 400px\" class=\"light-dropshaddow\"\/><\/a><\/div><\/div><div class=\"tcol-lg-4 tcol-md-4 tcol-sm-4 tcol-xs-6 tcol-ss-12 g_item\"><div class=\"grid_item kad_gallery_fade_in gallery_item\"><a href=\"https:\/\/paulinechovet.fr\/wp-content\/uploads\/2018\/03\/DSC02251copie2coprecadr\u00e9.jpg\" data-rel=\"lightbox\" class=\"lightboxhover\"><img loading=\"lazy\" decoding=\"async\" src=\"https:\/\/paulinechovet.fr\/wp-content\/uploads\/2018\/03\/DSC02251copie2coprecadr\u00e9-400x400.jpg\" width=\"400\" height=\"400\" alt=\"\" srcset=\"https:\/\/paulinechovet.fr\/wp-content\/uploads\/2018\/03\/DSC02251copie2coprecadr\u00e9-400x400.jpg 400w, https:\/\/paulinechovet.fr\/wp-content\/uploads\/2018\/03\/DSC02251copie2coprecadr\u00e9-150x150.jpg 150w, https:\/\/paulinechovet.fr\/wp-content\/uploads\/2018\/03\/DSC02251copie2coprecadr\u00e9-800x800.jpg 800w\" sizes=\"auto, (max-width: 400px) 100vw, 400px\" class=\"light-dropshaddow\"\/><\/a><\/div><\/div><div class=\"tcol-lg-4 tcol-md-4 tcol-sm-4 tcol-xs-6 tcol-ss-12 g_item\"><div class=\"grid_item kad_gallery_fade_in gallery_item\"><a href=\"https:\/\/paulinechovet.fr\/wp-content\/uploads\/2018\/02\/IMG_1676copie3-final.jpg\" data-rel=\"lightbox\" class=\"lightboxhover\"><img loading=\"lazy\" decoding=\"async\" src=\"https:\/\/paulinechovet.fr\/wp-content\/uploads\/2018\/02\/IMG_1676copie3-final-400x400.jpg\" width=\"400\" height=\"400\" alt=\"Z\u00e9nith, Saint-\u00c9tienne. Architecte : Norman Foster\" srcset=\"https:\/\/paulinechovet.fr\/wp-content\/uploads\/2018\/02\/IMG_1676copie3-final-400x400.jpg 400w, https:\/\/paulinechovet.fr\/wp-content\/uploads\/2018\/02\/IMG_1676copie3-final-150x150.jpg 150w, https:\/\/paulinechovet.fr\/wp-content\/uploads\/2018\/02\/IMG_1676copie3-final-800x800.jpg 800w\" sizes=\"auto, (max-width: 400px) 100vw, 400px\" class=\"light-dropshaddow\"\/><\/a><\/div><\/div><div class=\"tcol-lg-4 tcol-md-4 tcol-sm-4 tcol-xs-6 tcol-ss-12 g_item\"><div class=\"grid_item kad_gallery_fade_in gallery_item\"><a href=\"https:\/\/paulinechovet.fr\/wp-content\/uploads\/2017\/08\/IMG_9249copie12.jpg\" data-rel=\"lightbox\" class=\"lightboxhover\"><img loading=\"lazy\" decoding=\"async\" src=\"https:\/\/paulinechovet.fr\/wp-content\/uploads\/2017\/08\/IMG_9249copie12-400x400.jpg\" width=\"400\" height=\"400\" alt=\"Hotel Radisson Blu, Lyon. Architecte D+B Interior design.\" srcset=\"https:\/\/paulinechovet.fr\/wp-content\/uploads\/2017\/08\/IMG_9249copie12-400x400.jpg 400w, https:\/\/paulinechovet.fr\/wp-content\/uploads\/2017\/08\/IMG_9249copie12-150x150.jpg 150w, https:\/\/paulinechovet.fr\/wp-content\/uploads\/2017\/08\/IMG_9249copie12-800x800.jpg 800w\" sizes=\"auto, (max-width: 400px) 100vw, 400px\" class=\"light-dropshaddow\"\/><\/a><\/div><\/div><div class=\"tcol-lg-4 tcol-md-4 tcol-sm-4 tcol-xs-6 tcol-ss-12 g_item\"><div class=\"grid_item kad_gallery_fade_in gallery_item\"><a href=\"https:\/\/paulinechovet.fr\/wp-content\/uploads\/2018\/04\/retouche.jpg\" data-rel=\"lightbox\" class=\"lightboxhover\"><img loading=\"lazy\" decoding=\"async\" src=\"https:\/\/paulinechovet.fr\/wp-content\/uploads\/2018\/04\/retouche-400x400.jpg\" width=\"400\" height=\"400\" alt=\"Auberge &quot;La douce Montagne&quot;. Allemont\" srcset=\"https:\/\/paulinechovet.fr\/wp-content\/uploads\/2018\/04\/retouche-400x400.jpg 400w, https:\/\/paulinechovet.fr\/wp-content\/uploads\/2018\/04\/retouche-150x150.jpg 150w, https:\/\/paulinechovet.fr\/wp-content\/uploads\/2018\/04\/retouche-800x800.jpg 800w\" sizes=\"auto, (max-width: 400px) 100vw, 400px\" class=\"light-dropshaddow\"\/><\/a><\/div><\/div><div class=\"tcol-lg-4 tcol-md-4 tcol-sm-4 tcol-xs-6 tcol-ss-12 g_item\"><div class=\"grid_item kad_gallery_fade_in gallery_item\"><a href=\"https:\/\/paulinechovet.fr\/wp-content\/uploads\/2017\/08\/IMG_9206copie.jpg\" data-rel=\"lightbox\" class=\"lightboxhover\"><img loading=\"lazy\" decoding=\"async\" src=\"https:\/\/paulinechovet.fr\/wp-content\/uploads\/2017\/08\/IMG_9206copie-400x400.jpg\" width=\"400\" height=\"400\" alt=\"Cabinet d&#039;orthodontie. Architecte Sophie Saunier.\nAutun\" srcset=\"https:\/\/paulinechovet.fr\/wp-content\/uploads\/2017\/08\/IMG_9206copie-400x400.jpg 400w, https:\/\/paulinechovet.fr\/wp-content\/uploads\/2017\/08\/IMG_9206copie-150x150.jpg 150w, https:\/\/paulinechovet.fr\/wp-content\/uploads\/2017\/08\/IMG_9206copie-800x800.jpg 800w\" sizes=\"auto, (max-width: 400px) 100vw, 400px\" class=\"light-dropshaddow\"\/><\/a><\/div><\/div><div class=\"tcol-lg-4 tcol-md-4 tcol-sm-4 tcol-xs-6 tcol-ss-12 g_item\"><div class=\"grid_item kad_gallery_fade_in gallery_item\"><a href=\"https:\/\/paulinechovet.fr\/wp-content\/uploads\/2018\/10\/IMG_1245copie3.jpg\" data-rel=\"lightbox\" class=\"lightboxhover\"><img loading=\"lazy\" decoding=\"async\" src=\"https:\/\/paulinechovet.fr\/wp-content\/uploads\/2018\/10\/IMG_1245copie3-400x400.jpg\" width=\"400\" height=\"400\" alt=\"R\u00e9sidence Koh I Noor, Montpellier. Architecte : B.B\u00fcher\" srcset=\"https:\/\/paulinechovet.fr\/wp-content\/uploads\/2018\/10\/IMG_1245copie3-400x400.jpg 400w, https:\/\/paulinechovet.fr\/wp-content\/uploads\/2018\/10\/IMG_1245copie3-150x150.jpg 150w, https:\/\/paulinechovet.fr\/wp-content\/uploads\/2018\/10\/IMG_1245copie3-800x800.jpg 800w\" sizes=\"auto, (max-width: 400px) 100vw, 400px\" class=\"light-dropshaddow\"\/><\/a><\/div><\/div><div class=\"tcol-lg-4 tcol-md-4 tcol-sm-4 tcol-xs-6 tcol-ss-12 g_item\"><div class=\"grid_item kad_gallery_fade_in gallery_item\"><a href=\"https:\/\/paulinechovet.fr\/wp-content\/uploads\/2018\/03\/IMG_9433-R\u00e9cup\u00e9r\u00e9copierecadrer.jpg\" data-rel=\"lightbox\" class=\"lightboxhover\"><img loading=\"lazy\" decoding=\"async\" src=\"https:\/\/paulinechovet.fr\/wp-content\/uploads\/2018\/03\/IMG_9433-R\u00e9cup\u00e9r\u00e9copierecadrer-400x400.jpg\" width=\"400\" height=\"400\" alt=\"Le port Rambaud, Lyon. Architecte : Z architecture\" srcset=\"https:\/\/paulinechovet.fr\/wp-content\/uploads\/2018\/03\/IMG_9433-R\u00e9cup\u00e9r\u00e9copierecadrer-400x400.jpg 400w, https:\/\/paulinechovet.fr\/wp-content\/uploads\/2018\/03\/IMG_9433-R\u00e9cup\u00e9r\u00e9copierecadrer-150x150.jpg 150w, https:\/\/paulinechovet.fr\/wp-content\/uploads\/2018\/03\/IMG_9433-R\u00e9cup\u00e9r\u00e9copierecadrer-800x800.jpg 800w\" sizes=\"auto, (max-width: 400px) 100vw, 400px\" class=\"light-dropshaddow\"\/><\/a><\/div><\/div><div class=\"tcol-lg-4 tcol-md-4 tcol-sm-4 tcol-xs-6 tcol-ss-12 g_item\"><div class=\"grid_item kad_gallery_fade_in gallery_item\"><a href=\"https:\/\/paulinechovet.fr\/wp-content\/uploads\/2017\/12\/MG_9952copie.jpg\" data-rel=\"lightbox\" class=\"lightboxhover\"><img loading=\"lazy\" decoding=\"async\" src=\"https:\/\/paulinechovet.fr\/wp-content\/uploads\/2017\/12\/MG_9952copie-400x400.jpg\" width=\"400\" height=\"400\" alt=\"Agence Plastic Omnium, Lyon. Architecte Pascal Martin\" srcset=\"https:\/\/paulinechovet.fr\/wp-content\/uploads\/2017\/12\/MG_9952copie-400x400.jpg 400w, https:\/\/paulinechovet.fr\/wp-content\/uploads\/2017\/12\/MG_9952copie-150x150.jpg 150w, https:\/\/paulinechovet.fr\/wp-content\/uploads\/2017\/12\/MG_9952copie-800x800.jpg 800w\" sizes=\"auto, (max-width: 400px) 100vw, 400px\" class=\"light-dropshaddow\"\/><\/a><\/div><\/div><div class=\"tcol-lg-4 tcol-md-4 tcol-sm-4 tcol-xs-6 tcol-ss-12 g_item\"><div class=\"grid_item kad_gallery_fade_in gallery_item\"><a href=\"https:\/\/paulinechovet.fr\/wp-content\/uploads\/2018\/05\/douche.jpg\" data-rel=\"lightbox\" class=\"lightboxhover\"><img loading=\"lazy\" decoding=\"async\" src=\"https:\/\/paulinechovet.fr\/wp-content\/uploads\/2018\/05\/douche-400x400.jpg\" width=\"400\" height=\"400\" alt=\"\" srcset=\"https:\/\/paulinechovet.fr\/wp-content\/uploads\/2018\/05\/douche-400x400.jpg 400w, https:\/\/paulinechovet.fr\/wp-content\/uploads\/2018\/05\/douche-150x150.jpg 150w, https:\/\/paulinechovet.fr\/wp-content\/uploads\/2018\/05\/douche-800x800.jpg 800w\" sizes=\"auto, (max-width: 400px) 100vw, 400px\" class=\"light-dropshaddow\"\/><\/a><\/div><\/div><div class=\"tcol-lg-4 tcol-md-4 tcol-sm-4 tcol-xs-6 tcol-ss-12 g_item\"><div class=\"grid_item kad_gallery_fade_in gallery_item\"><a href=\"https:\/\/paulinechovet.fr\/wp-content\/uploads\/2018\/04\/IMG_1028copie.jpg\" data-rel=\"lightbox\" class=\"lightboxhover\"><img loading=\"lazy\" decoding=\"async\" src=\"https:\/\/paulinechovet.fr\/wp-content\/uploads\/2018\/04\/IMG_1028copie-400x400.jpg\" width=\"400\" height=\"400\" alt=\"Auberge &quot;La douce Montagne&quot;. Allemont\" srcset=\"https:\/\/paulinechovet.fr\/wp-content\/uploads\/2018\/04\/IMG_1028copie-400x400.jpg 400w, https:\/\/paulinechovet.fr\/wp-content\/uploads\/2018\/04\/IMG_1028copie-150x150.jpg 150w, https:\/\/paulinechovet.fr\/wp-content\/uploads\/2018\/04\/IMG_1028copie-800x800.jpg 800w\" sizes=\"auto, (max-width: 400px) 100vw, 400px\" class=\"light-dropshaddow\"\/><\/a><\/div><\/div><div class=\"tcol-lg-4 tcol-md-4 tcol-sm-4 tcol-xs-6 tcol-ss-12 g_item\"><div class=\"grid_item kad_gallery_fade_in gallery_item\"><a href=\"https:\/\/paulinechovet.fr\/wp-content\/uploads\/2018\/05\/IMG_1121copiefinalcopie-2.jpg\" data-rel=\"lightbox\" class=\"lightboxhover\"><img loading=\"lazy\" decoding=\"async\" src=\"https:\/\/paulinechovet.fr\/wp-content\/uploads\/2018\/05\/IMG_1121copiefinalcopie-2-400x400.jpg\" width=\"400\" height=\"400\" alt=\"Villa priv\u00e9, Montpellier\" srcset=\"https:\/\/paulinechovet.fr\/wp-content\/uploads\/2018\/05\/IMG_1121copiefinalcopie-2-400x400.jpg 400w, https:\/\/paulinechovet.fr\/wp-content\/uploads\/2018\/05\/IMG_1121copiefinalcopie-2-150x150.jpg 150w, https:\/\/paulinechovet.fr\/wp-content\/uploads\/2018\/05\/IMG_1121copiefinalcopie-2-800x800.jpg 800w\" sizes=\"auto, (max-width: 400px) 100vw, 400px\" class=\"light-dropshaddow\"\/><\/a><\/div><\/div><div class=\"tcol-lg-4 tcol-md-4 tcol-sm-4 tcol-xs-6 tcol-ss-12 g_item\"><div class=\"grid_item kad_gallery_fade_in gallery_item\"><a href=\"https:\/\/paulinechovet.fr\/wp-content\/uploads\/2018\/07\/IMG_1808copie.jpg\" data-rel=\"lightbox\" class=\"lightboxhover\"><img loading=\"lazy\" decoding=\"async\" src=\"https:\/\/paulinechovet.fr\/wp-content\/uploads\/2018\/07\/IMG_1808copie-400x400.jpg\" width=\"400\" height=\"400\" alt=\"\" srcset=\"https:\/\/paulinechovet.fr\/wp-content\/uploads\/2018\/07\/IMG_1808copie-400x400.jpg 400w, https:\/\/paulinechovet.fr\/wp-content\/uploads\/2018\/07\/IMG_1808copie-150x150.jpg 150w, https:\/\/paulinechovet.fr\/wp-content\/uploads\/2018\/07\/IMG_1808copie-800x800.jpg 800w\" sizes=\"auto, (max-width: 400px) 100vw, 400px\" class=\"light-dropshaddow\"\/><\/a><\/div><\/div><\/div>\n","protected":false},"excerpt":{"rendered":"","protected":false},"author":1,"featured_media":0,"parent":328,"menu_order":0,"comment_status":"closed","ping_status":"closed","template":"page-fullwidth.php","meta":{"kt_blocks_editor_width":"","footnotes":""},"class_list":["post-148","page","type-page","status-publish","hentry"],"yoast_head":"<!-- This site is optimized with the Yoast SEO plugin v27.4 - https:\/\/yoast.com\/product\/yoast-seo-wordpress\/ -->\n<title>Ext\u00e9rieurs \/ Int\u00e9rieurs - Photographe architecture Pauline Chovet<\/title>\n<meta name=\"robots\" content=\"index, follow, max-snippet:-1, max-image-preview:large, max-video-preview:-1\" \/>\n<link rel=\"canonical\" href=\"https:\/\/paulinechovet.fr\/?page_id=148\" \/>\n<meta property=\"og:locale\" content=\"fr_FR\" \/>\n<meta property=\"og:type\" content=\"article\" \/>\n<meta property=\"og:title\" content=\"Ext\u00e9rieurs \/ Int\u00e9rieurs - Photographe architecture Pauline Chovet\" \/>\n<meta property=\"og:url\" content=\"https:\/\/paulinechovet.fr\/?page_id=148\" \/>\n<meta property=\"og:site_name\" content=\"Photographe architecture Pauline Chovet\" \/>\n<meta property=\"article:modified_time\" content=\"2026-03-14T15:24:41+00:00\" \/>\n<meta property=\"og:image\" content=\"https:\/\/paulinechovet.fr\/wp-content\/uploads\/2018\/05\/IMG_1193copie-400x400.jpg\" \/>\n<meta name=\"twitter:card\" content=\"summary_large_image\" \/>\n<meta name=\"twitter:label1\" content=\"Dur\u00e9e de lecture estim\u00e9e\" \/>\n\t<meta name=\"twitter:data1\" content=\"1 minute\" \/>\n<script type=\"application\/ld+json\" class=\"yoast-schema-graph\">{\"@context\":\"https:\\\/\\\/schema.org\",\"@graph\":[{\"@type\":\"WebPage\",\"@id\":\"https:\\\/\\\/paulinechovet.fr\\\/?page_id=148\",\"url\":\"https:\\\/\\\/paulinechovet.fr\\\/?page_id=148\",\"name\":\"Ext\u00e9rieurs \\\/ Int\u00e9rieurs - Photographe architecture Pauline Chovet\",\"isPartOf\":{\"@id\":\"https:\\\/\\\/paulinechovet.fr\\\/#website\"},\"datePublished\":\"2017-05-30T22:14:48+00:00\",\"dateModified\":\"2026-03-14T15:24:41+00:00\",\"breadcrumb\":{\"@id\":\"https:\\\/\\\/paulinechovet.fr\\\/?page_id=148#breadcrumb\"},\"inLanguage\":\"fr-FR\",\"potentialAction\":[{\"@type\":\"ReadAction\",\"target\":[\"https:\\\/\\\/paulinechovet.fr\\\/?page_id=148\"]}]},{\"@type\":\"BreadcrumbList\",\"@id\":\"https:\\\/\\\/paulinechovet.fr\\\/?page_id=148#breadcrumb\",\"itemListElement\":[{\"@type\":\"ListItem\",\"position\":1,\"name\":\"Accueil\",\"item\":\"https:\\\/\\\/paulinechovet.fr\\\/\"},{\"@type\":\"ListItem\",\"position\":2,\"name\":\"Projets clients\",\"item\":\"https:\\\/\\\/paulinechovet.fr\\\/?page_id=328\"},{\"@type\":\"ListItem\",\"position\":3,\"name\":\"Ext\u00e9rieurs \\\/ Int\u00e9rieurs\"}]},{\"@type\":\"WebSite\",\"@id\":\"https:\\\/\\\/paulinechovet.fr\\\/#website\",\"url\":\"https:\\\/\\\/paulinechovet.fr\\\/\",\"name\":\"Pauline Chovet Photographie\",\"description\":\"Photographe d&#039;architecture, de suivi de chantier et d&#039;urbanisme.\",\"publisher\":{\"@id\":\"https:\\\/\\\/paulinechovet.fr\\\/#\\\/schema\\\/person\\\/6a162bdd34747faeff134a4df4779769\"},\"potentialAction\":[{\"@type\":\"SearchAction\",\"target\":{\"@type\":\"EntryPoint\",\"urlTemplate\":\"https:\\\/\\\/paulinechovet.fr\\\/?s={search_term_string}\"},\"query-input\":{\"@type\":\"PropertyValueSpecification\",\"valueRequired\":true,\"valueName\":\"search_term_string\"}}],\"inLanguage\":\"fr-FR\"},{\"@type\":[\"Person\",\"Organization\"],\"@id\":\"https:\\\/\\\/paulinechovet.fr\\\/#\\\/schema\\\/person\\\/6a162bdd34747faeff134a4df4779769\",\"name\":\"Pauline Chovet\",\"image\":{\"@type\":\"ImageObject\",\"inLanguage\":\"fr-FR\",\"@id\":\"https:\\\/\\\/paulinechovet.fr\\\/wp-content\\\/uploads\\\/2026\\\/03\\\/LOGO-PARFAITbis.jpg\",\"url\":\"https:\\\/\\\/paulinechovet.fr\\\/wp-content\\\/uploads\\\/2026\\\/03\\\/LOGO-PARFAITbis.jpg\",\"contentUrl\":\"https:\\\/\\\/paulinechovet.fr\\\/wp-content\\\/uploads\\\/2026\\\/03\\\/LOGO-PARFAITbis.jpg\",\"width\":2111,\"height\":2111,\"caption\":\"Pauline Chovet\"},\"logo\":{\"@id\":\"https:\\\/\\\/paulinechovet.fr\\\/wp-content\\\/uploads\\\/2026\\\/03\\\/LOGO-PARFAITbis.jpg\"},\"sameAs\":[\"http:\\\/\\\/www.paulinechovet.fr\"]}]}<\/script>\n<!-- \/ Yoast SEO plugin. -->","yoast_head_json":{"title":"Ext\u00e9rieurs \/ Int\u00e9rieurs - Photographe architecture Pauline Chovet","robots":{"index":"index","follow":"follow","max-snippet":"max-snippet:-1","max-image-preview":"max-image-preview:large","max-video-preview":"max-video-preview:-1"},"canonical":"https:\/\/paulinechovet.fr\/?page_id=148","og_locale":"fr_FR","og_type":"article","og_title":"Ext\u00e9rieurs \/ Int\u00e9rieurs - Photographe architecture Pauline Chovet","og_url":"https:\/\/paulinechovet.fr\/?page_id=148","og_site_name":"Photographe architecture Pauline Chovet","article_modified_time":"2026-03-14T15:24:41+00:00","og_image":[{"url":"https:\/\/paulinechovet.fr\/wp-content\/uploads\/2018\/05\/IMG_1193copie-400x400.jpg","type":"","width":"","height":""}],"twitter_card":"summary_large_image","twitter_misc":{"Dur\u00e9e de lecture estim\u00e9e":"1 minute"},"schema":{"@context":"https:\/\/schema.org","@graph":[{"@type":"WebPage","@id":"https:\/\/paulinechovet.fr\/?page_id=148","url":"https:\/\/paulinechovet.fr\/?page_id=148","name":"Ext\u00e9rieurs \/ Int\u00e9rieurs - Photographe architecture Pauline Chovet","isPartOf":{"@id":"https:\/\/paulinechovet.fr\/#website"},"datePublished":"2017-05-30T22:14:48+00:00","dateModified":"2026-03-14T15:24:41+00:00","breadcrumb":{"@id":"https:\/\/paulinechovet.fr\/?page_id=148#breadcrumb"},"inLanguage":"fr-FR","potentialAction":[{"@type":"ReadAction","target":["https:\/\/paulinechovet.fr\/?page_id=148"]}]},{"@type":"BreadcrumbList","@id":"https:\/\/paulinechovet.fr\/?page_id=148#breadcrumb","itemListElement":[{"@type":"ListItem","position":1,"name":"Accueil","item":"https:\/\/paulinechovet.fr\/"},{"@type":"ListItem","position":2,"name":"Projets clients","item":"https:\/\/paulinechovet.fr\/?page_id=328"},{"@type":"ListItem","position":3,"name":"Ext\u00e9rieurs \/ Int\u00e9rieurs"}]},{"@type":"WebSite","@id":"https:\/\/paulinechovet.fr\/#website","url":"https:\/\/paulinechovet.fr\/","name":"Pauline Chovet Photographie","description":"Photographe d&#039;architecture, de suivi de chantier et d&#039;urbanisme.","publisher":{"@id":"https:\/\/paulinechovet.fr\/#\/schema\/person\/6a162bdd34747faeff134a4df4779769"},"potentialAction":[{"@type":"SearchAction","target":{"@type":"EntryPoint","urlTemplate":"https:\/\/paulinechovet.fr\/?s={search_term_string}"},"query-input":{"@type":"PropertyValueSpecification","valueRequired":true,"valueName":"search_term_string"}}],"inLanguage":"fr-FR"},{"@type":["Person","Organization"],"@id":"https:\/\/paulinechovet.fr\/#\/schema\/person\/6a162bdd34747faeff134a4df4779769","name":"Pauline Chovet","image":{"@type":"ImageObject","inLanguage":"fr-FR","@id":"https:\/\/paulinechovet.fr\/wp-content\/uploads\/2026\/03\/LOGO-PARFAITbis.jpg","url":"https:\/\/paulinechovet.fr\/wp-content\/uploads\/2026\/03\/LOGO-PARFAITbis.jpg","contentUrl":"https:\/\/paulinechovet.fr\/wp-content\/uploads\/2026\/03\/LOGO-PARFAITbis.jpg","width":2111,"height":2111,"caption":"Pauline Chovet"},"logo":{"@id":"https:\/\/paulinechovet.fr\/wp-content\/uploads\/2026\/03\/LOGO-PARFAITbis.jpg"},"sameAs":["http:\/\/www.paulinechovet.fr"]}]}},"jetpack_sharing_enabled":true,"_links":{"self":[{"href":"https:\/\/paulinechovet.fr\/index.php?rest_route=\/wp\/v2\/pages\/148","targetHints":{"allow":["GET"]}}],"collection":[{"href":"https:\/\/paulinechovet.fr\/index.php?rest_route=\/wp\/v2\/pages"}],"about":[{"href":"https:\/\/paulinechovet.fr\/index.php?rest_route=\/wp\/v2\/types\/page"}],"author":[{"embeddable":true,"href":"https:\/\/paulinechovet.fr\/index.php?rest_route=\/wp\/v2\/users\/1"}],"replies":[{"embeddable":true,"href":"https:\/\/paulinechovet.fr\/index.php?rest_route=%2Fwp%2Fv2%2Fcomments&post=148"}],"version-history":[{"count":53,"href":"https:\/\/paulinechovet.fr\/index.php?rest_route=\/wp\/v2\/pages\/148\/revisions"}],"predecessor-version":[{"id":3386,"href":"https:\/\/paulinechovet.fr\/index.php?rest_route=\/wp\/v2\/pages\/148\/revisions\/3386"}],"up":[{"embeddable":true,"href":"https:\/\/paulinechovet.fr\/index.php?rest_route=\/wp\/v2\/pages\/328"}],"wp:attachment":[{"href":"https:\/\/paulinechovet.fr\/index.php?rest_route=%2Fwp%2Fv2%2Fmedia&parent=148"}],"curies":[{"name":"wp","href":"https:\/\/api.w.org\/{rel}","templated":true}]}}